 divided by 12?
10
Suppose 10*i - 5*i = -j - 9, -i = 2. Calculate the remainder when j/(-2) + 508/8 is divided by 13.
11
Let h(z) = -4*z. Let y = 45 - 22. What is the remainder when y is divided by h(-2)?
7
Let t(g) = -3*g - 23. Let i(k) = 4*k + 34. Let j(q) = 5*i(q) + 7*t(q). Let c be j(7). What is the remainder when 61 is divided by c/3*(-252)/(-8)?
19
Suppose 17*a - 6 = 14*a. Let w be (2/(-3))/(2/(-3)). Let f = w - 0. What is the remainder when a is divided by f?
0
Let d = -71 + 106. What is the remainder when d is divided by 21?
14
Let x(a) = -a**2 + 6*a + 1. Calculate the remainder when 28 is divided by x(5).
4
Suppose 2*t - 33 = 11. Calculate the remainder when 65 is divided by t.
21
Let q = -4 + 12. What is the remainder when q is divided by 3?
2
Let b(f) = f**3 + 18*f**2 + 18*f + 30. What is the remainder when b(-17) is divided by 7?
6
Let z = -37 - -19. What is the remainder when (-514)/(-12) - 3/z is divided by 22 - (-2 - (-1 - 1))?
21
Let b(r) = r - 2. Let i be b(5). Suppose y = -i*y. Suppose -2*k + 3*j = -64, y = 3*k + 2*j - j - 85. What is the remainder when k is divided by 15?
14
Suppose 4*i + 23 - 3 = 4*r, 15 = -i + 3*r. Let c = 6 - i. Suppose c*m + 3 = 3*m + 4*q, m - 15 = -4*q. What is the remainder when 7 is divided by m?
1
Suppose 5*l - 77 - 38 = -5*i, i - 35 = -4*l. Suppose 3*p - 153 = -3*m, -27*m - 42 = -p - 31*m. Calculate the remainder when p is divided by i.
16
Let r be (-2)/(-5) + 16/(-40). Suppose r = -3*g + 10 - 4. What is the remainder when 2 is divided by g?
0
Suppose -23 - 62 = -5*x. Let h(s) = 26*s - 3. Calculate the remainder when h(2) is divided by x.
15
Let l(c) = c**2 - 3*c - 6. Let j be l(5). Suppose 60 = j*i + i. What is the remainder when i is divided by 7?
5
Let k be (-273)/(-12) - 1/(-4). Suppose k + 17 = 5*j. Suppose -115 = -5*h - 5*z, -3*h - 2*z = -67 - 1. Calculate the remainder when h is divided by j.
6
Suppose 2*p - 112 = -0*p. Suppose -w + 5*i = -17, 5*w = -i + 11 - p. What is the remainder when w/(-16) - (-25)/2 is divided by 5?
3
Suppose 0 = -0*x - 5*x + 15. Let o(h) = 5*h**2 + 3 - x - 2 + 4. Calculate the remainder when o(2) is divided by 8.
6
Let i(k) = -k**3 + k - 4. Let m be i(3). Let a = 43 + m. Let c = 20 + 8. Calculate the remainder when c is divided by a.
13
Let i be -3*1 - (-2 + -3). Suppose -1 + 9 = -n - 5*v, 4*n - i*v - 12 = 0. Suppose -n*f = 2*f - 72. What is the remainder when 52 is divided by f?
16
Suppose 2*b - 5*b + 26 = u, 0 = 4*u - 2*b - 62. Calculate the remainder when 66 is divided by u.
15
Let a = 73 - 58. Calculate the remainder when a is divided by 9.
6
Let j(t) = -9*t - 2. Let u be j(-2). Let o = u - 14. What is the remainder when o is divided by 2?
0
Let y = 7 - 4. Suppose 0 = 5*x + l - 26, l = y*x - 3*l - 34. Suppose 0 = -x*q + 2*q + 36. Calculate the remainder when 25 is divided by q.
7
Let w(a) = 10*a**3 + 0*a**3 - a**2 - 1 + 2. Let l be w(-1). Let x = l - -14. What is the remainder when x is divided by 3?
1
Suppose -3*c + 3*m = 120, -4*c + 0*c + m - 160 = 0. Let l = -1 - c. Calculate the remainder when l is divided by 10.
9
Let f be -84*(-3 - 36/(-16)). Calculate the remainder when 2/(-9) - (-644)/f is divided by 6.
4
Let o(x) = 2*x**2 - 15*x - 13. What is the remainder when o(9) is divided by 4?
2
Let x be 11*-2*4/(-8). Suppose x*p = 10*p + 13. Calculate the remainder when 49 is divided by p.
10
Let j = 39 + -26. Let n(c) = -c**2 - 10*c - 4. Suppose 3 + 38 = -4*h + 5*x, 2*h = x - 19. What is the remainder when j is divided by n(h)?
3
Calculate the remainder when 3 is divided by (1 - (0 - -4)) + 5 - 0.
1
Let r = 3 + -3. Suppose 2*v + 12 = -r*v. Calculate the remainder when 5 is divided by (-2 + 5)*(-4)/v.
1
Let b be -2*2/(-4) - 3. Calculate the remainder when 29 is divided by 20*(2 + -3)/b.
9
Suppose -2*f - 4*j + 318 = 0, -2*f - 2*j - 171 = -3*f. What is the remainder when f is divided by 24?
21
Suppose 10 = -0*t + 2*t. Suppose t*j - 34 = 26. Calculate the remainder when (4/(-5))/(2/(-85)) is divided by j.
10
Suppose 3*t = 4*j + 10 - 31, 0 = -3*j - 4*t + 22. Calculate the remainder when 27 is divided by j.
3
Suppose 0 = -4*g + 89 - 21. Let i(t) = -t**3 - 6*t**2 - 3*t. Let a be i(-5). Let h = g + a. Calculate the remainder when 13 is divided by h.
6
Let d = 208 + -38. Suppose 6*q = q + d. What is the remainder when q is divided by 18?
16
Let f(j) be the third derivative of j**2 + 0*j - 1/6*j**3 + 1/6*j**4 + 0. What is the remainder when 19 is divided by f(3)?
8
Let t(v) = v + 13. What is the remainder when t(15) is divided by 15?
13
Let d = -18 + 8. Let s = 2 + 21. Calculate the remainder when s is divided by (-20)/6*36/d.
11
Let b = -13 + 67. What is the remainder when b is divided by 14?
12
Let f(n) = -2*n + 64. What is the remainder when 36 is divided by f(25)?
8
Suppose 0 = 3*y - 402. What is the remainder when y is divided by 27?
26
Suppose -3*s = -48 - 45. Calculate the remainder when 46 is divided by s.
15
Let b(q) = -q**3 - 1. Let o be b(-1). Suppose o = -5*f + 36 + 9. Suppose 5*s - 50 = 75. Calculate the remainder when s is divided by f.
7
Let n(h) = 8*h**3 - 3*h**2 + 4*h - 2. What is the remainder when n(2) is divided by 15?
13
Calculate the remainder when 37 is divided by 38/171 - 88/(-9).
7
Let u be ((-16)/(-12))/((-1)/3). Let q(y) = -3*y**2 - 2 + 2*y**2 + 3 - 4*y. What is the remainder when 2 is divided by q(u)?
0
Suppose -3*o - 12 = f, -4*o + 2 = 22. What is the remainder when 31 is divided by (-2)/(f + (-159)/51)?
14
Let k(r) = -4*r + 5*r - 2 + 18*r - r. What is the remainder when k(2) is divided by 12?
10
Let f(i) = 10*i**2 + 1. Let y(s) = 5*s + 1. What is the remainder when y(4) is divided by f(1)?
10
Let l be 1/(((-6)/(-15))/2). Let t = -2 + l. Calculate the remainder when (-40)/6*t/(-2) is divided by 6.
4
Calculate the remainder when 2/4*6*4 is divided by 22/4 - 3/(-2).
5
Let t(y) = y**2 + 3*y + 4. What is the remainder when 2/6 + 82/6 is divided by t(-4)?
6
Suppose 0*h = -4*h + 92. Calculate the remainder when 67 is divided by h.
21
Let s = 0 + 7. Let d = 0 - -2. What is the remainder when s is divided by (-4)/d*3/(-2)?
1
Let n(l) = l - 4. Let y be n(5). What is the remainder when 1 - (y*4)/(-1) is divided by 15/(-5) + 9 - 4?
1
Suppose 4*o = -12 + 48. Let d = 3 + 1. Suppose 0*w - d*w + 20 = 0. Calculate the remainder when o is divided by w.
4
Let g(d) = d**2 + 5*d + 3. Let h be g(-5). Suppose 0 = -h*u + 50 - 5. What is the remainder when u is divided by 8?
7
Let q = -14 + 20. Calculate the remainder when 11 - q/(3/1) is divided by 6.
3
Suppose -1 - 3 = -2*r. Suppose 5*l - 4*g + 10 = 0, -2*l = g + g - 14. Calculate the remainder when r is divided by l.
0
Let i(o) = -o - 4. Suppose 0*s - s = 0. Suppose 2*z - 5*z + 12 = s. Calculate the remainder when z is divided by i(-6).
0
Suppose -5*o + 3*o = -64. Let b = -29 - -40. Calculate the remainder when o is divided by b.
10
Let w be 19773/24 + 1/8. Suppose 4*f = -320 + w. Calculate the remainder when f is divided by 32.
30
Suppose -2*t = 5*i - 8, t + 2*i + 1 = 5. Let x(f) = -f**2 - 4*f + 6. Let q be x(-5). Let v(z) = 6*z**2 + 1. Calculate the remainder when v(q) is divided by t.
3
Let r be -29*-1*(3 - 2). Suppose 0*t + b = -4*t + r, -4*t = 4*b - 32. Let a = 49 + -46. What is the remainder when t is divided by a?
1
Suppose -90*l + 94*l - 348 = 0. What is the remainder when l is divided by 8?
7
Suppose 0*o = 2*o - 22. What is the remainder when o is divided by 4?
3
Let b(d) = 6*d + 23. Calculate the remainder when b(-2) is divided by 3.
2
Suppose 0 = 5*i - z - 47, 2*i + 7*z - 2*z - 35 = 0. Suppose -p + 0*j + 8 = j, 5*j = -i. What is the remainder when 27 is divided by p?
7
Let n(w) = -11*w - 34. Calculate the remainder when 33 is divided by n(-5).
12
Let n(s) = s**2 - 4*s + 5. Let v be n(4). Let a = v + 23. Let d = 36 - 21. What is the remainder when a is divided by d?
13
Suppose 4*x = m + 12, 3*x - 7*x + 12 = -2*m. Let g(w) = -3 + m + 1 + 6 + w. What is the remainder when 17 is divided by g(6)?
7
Suppose 8 = l + 3*l, -22 = -f + 2*l. Suppose 4*p - 3*k + 45 = 0, -2*p - 2*k - 24 = -4*k. Let o = 18 + p. What is the remainder when f is divided by o?
8
Suppose -5*c - 4 = 5*b - b, 0 = 4*b - 3*c + 36. Let i = -59 - -108. Calculate the remainder when i is divided by 26*((-15)/b)/5.
10
Calculate the remainder whe